{"id":2,"date":"2015-07-31T22:20:10","date_gmt":"2015-07-31T22:20:10","guid":{"rendered":"http:\/\/www.tallerderedaccion.com\/letras\/?page_id=2"},"modified":"2023-08-24T15:18:07","modified_gmt":"2023-08-24T15:18:07","slug":"programa","status":"publish","type":"page","link":"https:\/\/www.kubernetica.com\/campus\/programa\/","title":{"rendered":"Programa"},"content":{"rendered":"<p style=\"text-align: right;\">Descargar el <strong><a href=\"\/campus\/documentos\/Programa-Pensando-la-posmodernidad.pdf\" target=\"_blank\" rel=\"noopener\">Programa (PDF) \u2192<\/a><\/strong><\/p>\n<p>El taller <strong>Pensando la posmodernidad<\/strong> busca reflexionar sobre las consecuencias socioculturales asociadas a la socializaci\u00f3n de las nuevas tecnolog\u00edas, con el objetivo de desarrollar conocimientos y habilidades espec\u00edficas para la comprensi\u00f3n, an\u00e1lisis y reflexi\u00f3n de los fen\u00f3menos sociales que tienen lugar en entornos atravesados por instrumentos t\u00e9cnicos ubicuos y convergentes.<\/p>\n<p>Desde un nivel pr\u00e1ctico, se propone el an\u00e1lisis de un conjunto de filmes y piezas audiovisuales contempor\u00e1neos con el fin de abordar algunas de las problem\u00e1ticas fundamentales de la nueva condici\u00f3n humana, entre otras: el narcisismo, el individualismo, el consumismo, el vac\u00edo de la existencia, la soledad, la otredad, la angustia, el amor (propio y del otro), las nuevas tecnolog\u00edas, las adicciones, la sexualizaci\u00f3n o erotizaci\u00f3n de la vida cotidiana y los v\u00ednculos interpersonales mediados.<\/p>\n<p><strong>Objetivos<\/strong><\/p>\n<ul>\n<li>Conocer los paradigmas, teor\u00edas y m\u00e9todos asociados al estudio y caracterizaci\u00f3n de las nuevas tecnolog\u00edas.<\/li>\n<li>Acceder a conocimientos espec\u00edficos sobre los distintos escenarios sociomedi\u00e1ticos que se derivan de la multiplicidad de pantallas electr\u00f3nicas.<\/li>\n<li>Desarrollar capacidades reflexivas a partir de la lectura cr\u00edtica de referentes te\u00f3ricos.<\/li>\n<li>Ejercitar terminolog\u00eda y habilidades para el an\u00e1lisis cr\u00edtico de piezas audiovisuales.<\/li>\n<\/ul>\n<p><strong>Destinatarios<\/strong><\/p>\n<p>El taller est\u00e1 destinado a toda persona interesada en incorporar conceptos y herramientas para el an\u00e1lisis cr\u00edtico de la sociedad contempor\u00e1nea.<\/p>\n<p><strong>Carga horaria<\/strong><\/p>\n<ul>\n<li>El taller tiene una duraci\u00f3n total de 8 horas.<\/li>\n<li>Puede darse en uno, en dos o cuatro d\u00edas.<\/li>\n<\/ul>\n<p><strong>Cupo m\u00e1ximo por taller<\/strong><\/p>\n<ul>\n<li>12 asistentes.<\/li>\n<\/ul>\n<p><strong>Contenidos<\/strong><\/p>\n<ul>\n<li><strong>Unidad 1 | Or\u00edgenes y fundamentos de la tecnociencia: t\u00e9cnica y sociedad<\/strong><br \/>\nOr\u00edgenes de la inform\u00e1tica. Etapas de la informatizaci\u00f3n de la sociedad. Sociedad de la Informaci\u00f3n y el Conocimiento. T\u00e9cnica y sociedad. T\u00e9cnica y tecnolog\u00eda. Innovaci\u00f3n y transformaciones socioculturales. Apropiaci\u00f3n social de las nuevas tecnolog\u00edas.<\/li>\n<\/ul>\n<ul>\n<li><strong>Unidad 2 | Posmodernidad I: narcisismo, individualismo y el show del yo<\/strong><br \/>\nPosmodernidad. Modernidad l\u00edquida. La era del vac\u00edo. Narcisismo, individualismo y nuevas soledades. Los no lugares. El uso del tiempo. El dise\u00f1o de s\u00ed. El show del yo.<\/li>\n<\/ul>\n<ul>\n<li><strong>Unidad 3 | Posmodernidad II: homovidens, superficialidades y empobrecimientos<\/strong><br \/>\nCapacidades de lectura y atenciones divididas. La primac\u00eda de la imagen y el empobrecimiento de la capacidad de entender. Vivir en el enjambre.<\/li>\n<\/ul>\n<ul>\n<li><strong>Unidad 4: Posmodernidad III: consumismo, publicidad y belleza<\/strong><br \/>\nSociedad de consumo. Consumo y consumismo. Narcosis y autoamputaci\u00f3n. Publicidad y sociedad del espect\u00e1culo. Industrias culturales y mass media. El mito de la belleza.<\/li>\n<\/ul>\n<p><strong>Para seguir leyendo<\/strong><\/p>\n<ul>\n<li><strong><a href=\"\/campus\/fundamentos\/\" rel=\"noopener\">Fundamentos \u2192<\/a><\/strong><\/li>\n<li><strong><a href=\"\/campus\/bibliografia\/\" rel=\"noopener\">Bibliograf\u00eda \u2192<\/a><\/strong><\/li>\n<li><strong><a href=\"\/campus\/docente\/\" rel=\"noopener\">Docente \u2192<\/a><\/strong><\/li>\n<li><strong><a href=\"\/campus\/libro\/\" rel=\"noopener\">Libro \u2192<\/a><\/strong><\/li>\n<\/ul>\n","protected":false},"excerpt":{"rendered":"<p>Descargar el Programa (PDF) \u2192 El taller Pensando la posmodernidad busca reflexionar sobre las consecuencias socioculturales asociadas a la socializaci\u00f3n de las nuevas tecnolog\u00edas, con el objetivo de desarrollar conocimientos y habilidades espec\u00edficas para la comprensi\u00f3n, an\u00e1lisis y reflexi\u00f3n de los fen\u00f3menos sociales que tienen lugar en entornos atravesados por instrumentos t\u00e9cnicos ubicuos y convergentes. [&hellip;]<\/p>\n","protected":false},"author":1,"featured_media":0,"parent":0,"menu_order":0,"comment_status":"closed","ping_status":"open","template":"","meta":{"footnotes":""},"class_list":["post-2","page","type-page","status-publish","hentry"],"_links":{"self":[{"href":"https:\/\/www.kubernetica.com\/campus\/wp-json\/wp\/v2\/pages\/2","targetHints":{"allow":["GET"]}}],"collection":[{"href":"https:\/\/www.kubernetica.com\/campus\/wp-json\/wp\/v2\/pages"}],"about":[{"href":"https:\/\/www.kubernetica.com\/campus\/wp-json\/wp\/v2\/types\/page"}],"author":[{"embeddable":true,"href":"https:\/\/www.kubernetica.com\/campus\/wp-json\/wp\/v2\/users\/1"}],"replies":[{"embeddable":true,"href":"https:\/\/www.kubernetica.com\/campus\/wp-json\/wp\/v2\/comments?post=2"}],"version-history":[{"count":58,"href":"https:\/\/www.kubernetica.com\/campus\/wp-json\/wp\/v2\/pages\/2\/revisions"}],"predecessor-version":[{"id":409,"href":"https:\/\/www.kubernetica.com\/campus\/wp-json\/wp\/v2\/pages\/2\/revisions\/409"}],"wp:attachment":[{"href":"https:\/\/www.kubernetica.com\/campus\/wp-json\/wp\/v2\/media?parent=2"}],"curies":[{"name":"wp","href":"https:\/\/api.w.org\/{rel}","templated":true}]}}