{"id":413,"date":"2023-08-24T15:29:02","date_gmt":"2023-08-24T15:29:02","guid":{"rendered":"https:\/\/www.kubernetica.com\/campus\/?page_id=413"},"modified":"2023-08-24T15:29:02","modified_gmt":"2023-08-24T15:29:02","slug":"programas-para-empresas-e-instituciones","status":"publish","type":"page","link":"https:\/\/www.kubernetica.com\/campus\/programas-para-empresas-e-instituciones\/","title":{"rendered":"Programas para empresas e instituciones"},"content":{"rendered":"<p>Dentro de nuestra propuesta pedag\u00f3gica, se incluyen cursos y talleres especialmente dise\u00f1ados para organizaciones, instituciones educativas y empresas privadas.<\/p>\n<p>Entre otras, destacamos las siguientes propuestas:<\/p>\n<ul>\n<li><strong><a href=\"\/campus\/documentos\/Programa-Pensando-la-posmodernidad.pdf\" target=\"_blank\" rel=\"noopener\">Taller Pensando la posmodernidad<\/a><\/strong>.<\/li>\n<li><strong><a href=\"\/taller\/documentos\/Programa-Taller-de-Redaccion-Academica-KOVAL-2023.pdf\" target=\"_blank\" rel=\"noopener\">Taller de redacci\u00f3n acad\u00e9mica<\/a><\/strong>.<\/li>\n<li><strong><a href=\"\/taller\/documentos\/Programa-Taller-de-Comunicacion-Eficaz-KOVAL-2023.pdf\" target=\"_blank\" rel=\"noopener\">Taller de comunicaci\u00f3n eficaz: la escritura profesional y administrativa<\/a><\/strong>.<\/li>\n<\/ul>\n<p>Asimismo, ofrecemos nuestro servicio de <strong><a href=\"\/campus\/clases\/\">clases particulares o grupales<\/a><\/strong>.<\/p>\n<p>Para mayor informaci\u00f3n, tenga a bien escribirnos a <strong><a href=\"mailto:santiagokoval@gmail.com\">santiagokoval@gmail.com<\/a><\/strong>\u00a0o completar el siguiente <strong><a href=\"\/campus\/contacto\/\">formulario de contacto<\/a><\/strong>.<\/p>\n","protected":false},"excerpt":{"rendered":"<p>Dentro de nuestra propuesta pedag\u00f3gica, se incluyen cursos y talleres especialmente dise\u00f1ados para organizaciones, instituciones educativas y empresas privadas. Entre otras, destacamos las siguientes propuestas: Taller Pensando la posmodernidad. Taller de redacci\u00f3n acad\u00e9mica. Taller de comunicaci\u00f3n eficaz: la escritura profesional y administrativa. Asimismo, ofrecemos nuestro servicio de clases particulares o grupales. Para mayor informaci\u00f3n, tenga [&hellip;]<\/p>\n","protected":false},"author":1,"featured_media":0,"parent":0,"menu_order":0,"comment_status":"closed","ping_status":"closed","template":"","meta":{"footnotes":""},"class_list":["post-413","page","type-page","status-publish","hentry"],"_links":{"self":[{"href":"https:\/\/www.kubernetica.com\/campus\/wp-json\/wp\/v2\/pages\/413","targetHints":{"allow":["GET"]}}],"collection":[{"href":"https:\/\/www.kubernetica.com\/campus\/wp-json\/wp\/v2\/pages"}],"about":[{"href":"https:\/\/www.kubernetica.com\/campus\/wp-json\/wp\/v2\/types\/page"}],"author":[{"embeddable":true,"href":"https:\/\/www.kubernetica.com\/campus\/wp-json\/wp\/v2\/users\/1"}],"replies":[{"embeddable":true,"href":"https:\/\/www.kubernetica.com\/campus\/wp-json\/wp\/v2\/comments?post=413"}],"version-history":[{"count":1,"href":"https:\/\/www.kubernetica.com\/campus\/wp-json\/wp\/v2\/pages\/413\/revisions"}],"predecessor-version":[{"id":415,"href":"https:\/\/www.kubernetica.com\/campus\/wp-json\/wp\/v2\/pages\/413\/revisions\/415"}],"wp:attachment":[{"href":"https:\/\/www.kubernetica.com\/campus\/wp-json\/wp\/v2\/media?parent=413"}],"curies":[{"name":"wp","href":"https:\/\/api.w.org\/{rel}","templated":true}]}}

<p>Dentro de nuestra propuesta pedagógica, se incluyen cursos y talleres especialmente diseñados para organizaciones, instituciones educativas y empresas privadas.</p>
<p>Entre otras, destacamos las siguientes propuestas:</p>
<ul>
<li><strong><a href="/campus/documentos/Programa-Pensando-la-posmodernidad.pdf" target="_blank" rel="noopener">Taller Pensando la posmodernidad</a></strong>.</li>
<li><strong><a href="/taller/documentos/Programa-Taller-de-Redaccion-Academica-KOVAL-2023.pdf" target="_blank" rel="noopener">Taller de redacción académica</a></strong>.</li>
<li><strong><a href="/taller/documentos/Programa-Taller-de-Comunicacion-Eficaz-KOVAL-2023.pdf" target="_blank" rel="noopener">Taller de comunicación eficaz: la escritura profesional y administrativa</a></strong>.</li>
</ul>
<p>Asimismo, ofrecemos nuestro servicio de <strong><a href="/campus/clases/">clases particulares o grupales</a></strong>.</p>
<p>Para mayor información, tenga a bien escribirnos a <strong><a href="mailto:santiagokoval@gmail.com">santiagokoval@gmail.com</a></strong> o completar el siguiente <strong><a href="/campus/contacto/">formulario de contacto</a></strong>.</p>

<p>Dentro de nuestra propuesta pedagógica, se incluyen cursos y talleres especialmente diseñados para organizaciones, instituciones educativas y empresas privadas. Entre otras, destacamos las siguientes propuestas: Taller Pensando la posmodernidad. Taller de redacción académica. Taller de comunicación eficaz: la escritura profesional y administrativa. Asimismo, ofrecemos nuestro servicio de clases particulares o grupales. Para mayor información, tenga [&hellip;]</p>
