{"id":240,"date":"2017-01-19T14:45:56","date_gmt":"2017-01-19T14:45:56","guid":{"rendered":"http:\/\/www.tallerderedaccion.com\/?page_id=240"},"modified":"2023-08-24T15:30:22","modified_gmt":"2023-08-24T15:30:22","slug":"programas-para-empresas-e-instituciones","status":"publish","type":"page","link":"https:\/\/www.kubernetica.com\/taller\/programas-para-empresas-e-instituciones\/","title":{"rendered":"Programas para empresas e instituciones"},"content":{"rendered":"<p>Dentro de nuestra propuesta pedag\u00f3gica, se incluyen cursos y talleres especialmente dise\u00f1ados para organizaciones, instituciones educativas y empresas privadas.<\/p>\n<p>Entre otras, destacamos las siguientes propuestas:<\/p>\n<ul>\n<li><strong><a href=\"\/taller\/documentos\/Programa-Taller-de-Redaccion-Academica-KOVAL-2023.pdf\" target=\"_blank\" rel=\"noopener\">Taller de redacci\u00f3n acad\u00e9mica<\/a><\/strong>.<\/li>\n<li><strong><a href=\"\/taller\/documentos\/Programa-Taller-de-Comunicacion-Eficaz-KOVAL-2023.pdf\" target=\"_blank\" rel=\"noopener\">Taller de comunicaci\u00f3n eficaz: la escritura profesional y administrativa<\/a><\/strong>.<\/li>\n<li><strong><a href=\"\/campus\/documentos\/Programa-Pensando-la-posmodernidad.pdf\" target=\"_blank\" rel=\"noopener\">Taller Pensando la posmodernidad<\/a><\/strong>.<\/li>\n<\/ul>\n<p>Asimismo, ofrecemos nuestro servicio de <strong><a href=\"\/taller\/clases-particulares\/\">clases particulares o grupales<\/a><\/strong>, tanto para la producci\u00f3n administrativa como para la redacci\u00f3n acad\u00e9mica.<\/p>\n<p>Para mayor informaci\u00f3n, tenga a bien escribirnos a <strong><a href=\"mailto:santiagokoval@gmail.com\">santiagokoval@gmail.com<\/a><\/strong>\u00a0o completar el siguiente <strong><a href=\"\/taller\/contacto\/\">formulario de contacto<\/a><\/strong>.<\/p>\n","protected":false},"excerpt":{"rendered":"<p>Dentro de nuestra propuesta pedag\u00f3gica, se incluyen cursos y talleres especialmente dise\u00f1ados para organizaciones, instituciones educativas y empresas privadas. Entre otras, destacamos las siguientes propuestas: Taller de redacci\u00f3n acad\u00e9mica. Taller de comunicaci\u00f3n eficaz: la escritura profesional y administrativa. Taller Pensando la posmodernidad. Asimismo, ofrecemos nuestro servicio de clases particulares o grupales, tanto para la producci\u00f3n [&hellip;]<\/p>\n","protected":false},"author":1,"featured_media":0,"parent":0,"menu_order":0,"comment_status":"closed","ping_status":"closed","template":"","meta":{"footnotes":""},"class_list":["post-240","page","type-page","status-publish","hentry"],"aioseo_notices":[],"_links":{"self":[{"href":"https:\/\/www.kubernetica.com\/taller\/wp-json\/wp\/v2\/pages\/240","targetHints":{"allow":["GET"]}}],"collection":[{"href":"https:\/\/www.kubernetica.com\/taller\/wp-json\/wp\/v2\/pages"}],"about":[{"href":"https:\/\/www.kubernetica.com\/taller\/wp-json\/wp\/v2\/types\/page"}],"author":[{"embeddable":true,"href":"https:\/\/www.kubernetica.com\/taller\/wp-json\/wp\/v2\/users\/1"}],"replies":[{"embeddable":true,"href":"https:\/\/www.kubernetica.com\/taller\/wp-json\/wp\/v2\/comments?post=240"}],"version-history":[{"count":9,"href":"https:\/\/www.kubernetica.com\/taller\/wp-json\/wp\/v2\/pages\/240\/revisions"}],"predecessor-version":[{"id":439,"href":"https:\/\/www.kubernetica.com\/taller\/wp-json\/wp\/v2\/pages\/240\/revisions\/439"}],"wp:attachment":[{"href":"https:\/\/www.kubernetica.com\/taller\/wp-json\/wp\/v2\/media?parent=240"}],"curies":[{"name":"wp","href":"https:\/\/api.w.org\/{rel}","templated":true}]}}

<p>Dentro de nuestra propuesta pedagógica, se incluyen cursos y talleres especialmente diseñados para organizaciones, instituciones educativas y empresas privadas.</p>
<p>Entre otras, destacamos las siguientes propuestas:</p>
<ul>
<li><strong><a href="/taller/documentos/Programa-Taller-de-Redaccion-Academica-KOVAL-2023.pdf" target="_blank" rel="noopener">Taller de redacción académica</a></strong>.</li>
<li><strong><a href="/taller/documentos/Programa-Taller-de-Comunicacion-Eficaz-KOVAL-2023.pdf" target="_blank" rel="noopener">Taller de comunicación eficaz: la escritura profesional y administrativa</a></strong>.</li>
<li><strong><a href="/campus/documentos/Programa-Pensando-la-posmodernidad.pdf" target="_blank" rel="noopener">Taller Pensando la posmodernidad</a></strong>.</li>
</ul>
<p>Asimismo, ofrecemos nuestro servicio de <strong><a href="/taller/clases-particulares/">clases particulares o grupales</a></strong>, tanto para la producción administrativa como para la redacción académica.</p>
<p>Para mayor información, tenga a bien escribirnos a <strong><a href="mailto:santiagokoval@gmail.com">santiagokoval@gmail.com</a></strong> o completar el siguiente <strong><a href="/taller/contacto/">formulario de contacto</a></strong>.</p>

<p>Dentro de nuestra propuesta pedagógica, se incluyen cursos y talleres especialmente diseñados para organizaciones, instituciones educativas y empresas privadas. Entre otras, destacamos las siguientes propuestas: Taller de redacción académica. Taller de comunicación eficaz: la escritura profesional y administrativa. Taller Pensando la posmodernidad. Asimismo, ofrecemos nuestro servicio de clases particulares o grupales, tanto para la producción [&hellip;]</p>
